{"id":180,"date":"2022-01-06T15:07:54","date_gmt":"2022-01-06T15:07:54","guid":{"rendered":"https:\/\/localelections.eu\/?page_id=180"},"modified":"2022-01-30T14:57:54","modified_gmt":"2022-01-30T14:57:54","slug":"slovakia","status":"publish","type":"page","link":"https:\/\/localelections.eu\/?page_id=180","title":{"rendered":"Slovakia"},"content":{"rendered":"\n<p class=\"has-accent-color has-text-color\">Klimovsk\u00fd, D. (2022). Slovakia: A gradual weakening of political parties in a stable local electoral system. In A. Gend\u017awi\u0142\u0142, U. Kjaer, &amp; K. Steyvers (Eds.), The Routledge Handbook of Local Elections and Voting in Europe (pp. 337-346). London: Routledge.<\/p>\n\n\n\n<ul class=\"wp-block-list\"><li>Region: Central and Eastern Europe<\/li><li>Local elections:<ul><li>23-24.11.1990<\/li><li>18-19.11.1994<\/li><li>18-19.12.1998<\/li><li>6-7.12.2002<\/li><li>02.12.2006<\/li><li>27.11.2010<\/li><li>15.11.2014<\/li><li>10.11.2018<\/li><\/ul><\/li><li><a href=\"https:\/\/www.slov-lex.sk\/pravne-predpisy\/SK\/ZZ\/2014\/180\/\" title=\"Electoral code\">Electoral code<\/a><\/li><li>Electoral data:<ul><li><a href=\"https:\/\/slovak.statistics.sk\/wps\/portal\/ext\/themes\/elections\/oso\/about\/!ut\/p\/z1\/pZHLDoIwEEU_qUNboCwLCpSAPAWcjWFlSBRdGL9fQBJXFBNn18w57Z0pQdISHLpXf-me_X3oruP5hNa5jjPhuoYEKBMHVF3yKhU2jRKTNDOQ2-oDiEOxB1XJLCgibgA3CY5tv8yodHjg7YrUH9seFWVsUQBj8TUArr9vZnTxvUCG3I4BRByYoGR4LJycMZBM53_zw0pJ-M3XBPzHnwDUx2sIzohuA1t34NYnoW4KZjA9MG3hcTtO1UKv-jfo04xa\/dz\/d5\/L2dBISEvZ0FBIS9nQSEh\/\" title=\"Statistical Office of the Slovak Republic\">Statistical Office of the Slovak Republic<\/a><\/li><\/ul><\/li><li>Country expert: <a href=\"mailto:daniel.klimovsky@uniba.sk\" title=\"Daniel Klimovsk\u00fd\">Daniel Klimovsk\u00fd<\/a><\/li><\/ul>\n","protected":false},"excerpt":{"rendered":"<p>Klimovsk\u00fd, D. (2022). Slovakia: A gradual weakening of political parties in a stable local electoral system. In A. Gend\u017awi\u0142\u0142, U. Kjaer, &amp; K. Steyvers (Eds.), The Routledge Handbook of Local Elections and Voting in Europe (pp. 337-346). London: Routledge. Region: Central and Eastern Europe Local elections: 23-24.11.1990 18-19.11.1994 18-19.12.1998 6-7.12.2002 02.12.2006 27.11.2010 15.11.2014 10.11.2018 Electoral [&hellip;]<\/p>\n","protected":false},"author":1,"featured_media":0,"parent":31,"menu_order":0,"comment_status":"closed","ping_status":"closed","template":"","meta":{"_monsterinsights_skip_tracking":false,"_monsterinsights_sitenote_active":false,"_monsterinsights_sitenote_note":"","_monsterinsights_sitenote_category":0,"spay_email":"","footnotes":""},"class_list":["post-180","page","type-page","status-publish","hentry"],"_links":{"self":[{"href":"https:\/\/localelections.eu\/index.php?rest_route=\/wp\/v2\/pages\/180","targetHints":{"allow":["GET"]}}],"collection":[{"href":"https:\/\/localelections.eu\/index.php?rest_route=\/wp\/v2\/pages"}],"about":[{"href":"https:\/\/localelections.eu\/index.php?rest_route=\/wp\/v2\/types\/page"}],"author":[{"embeddable":true,"href":"https:\/\/localelections.eu\/index.php?rest_route=\/wp\/v2\/users\/1"}],"replies":[{"embeddable":true,"href":"https:\/\/localelections.eu\/index.php?rest_route=%2Fwp%2Fv2%2Fcomments&post=180"}],"version-history":[{"count":3,"href":"https:\/\/localelections.eu\/index.php?rest_route=\/wp\/v2\/pages\/180\/revisions"}],"predecessor-version":[{"id":289,"href":"https:\/\/localelections.eu\/index.php?rest_route=\/wp\/v2\/pages\/180\/revisions\/289"}],"up":[{"embeddable":true,"href":"https:\/\/localelections.eu\/index.php?rest_route=\/wp\/v2\/pages\/31"}],"wp:attachment":[{"href":"https:\/\/localelections.eu\/index.php?rest_route=%2Fwp%2Fv2%2Fmedia&parent=180"}],"curies":[{"name":"wp","href":"https:\/\/api.w.org\/{rel}","templated":true}]}}