{"id":174,"date":"2022-01-06T15:07:02","date_gmt":"2022-01-06T15:07:02","guid":{"rendered":"https:\/\/localelections.eu\/?page_id=174"},"modified":"2022-01-30T14:41:12","modified_gmt":"2022-01-30T14:41:12","slug":"portugal","status":"publish","type":"page","link":"https:\/\/localelections.eu\/?page_id=174","title":{"rendered":"Portugal"},"content":{"rendered":"\n<p class=\"has-accent-color has-text-color\">Tavares, A.F., &amp; Cam\u00f5es, P.J. (2022). Portugal: Elections and voting in a dual-tier, local government system. In A. Gend\u017awi\u0142\u0142, U. Kjaer, &amp; K. Steyvers (Eds.), The Routledge Handbook of Local Elections and Voting in Europe (pp. 246-257). London: Routledge.<\/p>\n\n\n\n<ul class=\"wp-block-list\"><li>Region: Southern Europe<\/li><li>Local elections:<ul><li>12.12.1993<\/li><li>14.12.1997<\/li><li>16.12.2001<\/li><li>10.09.2005<\/li><li>10.11.2009<\/li><li>29.09.2013<\/li><li>10.01.2017<\/li><\/ul><\/li><li><a href=\"https:\/\/www.portaldoeleitor.pt\/Documents\/Doc_Lei_OAL%20(VF%20Junho%20de%202021).pdf\" title=\"Electoral code\">Electoral code<\/a><\/li><li>Electoral data:<ul><li><a href=\"http:\/\/eleicoes.cne.pt\/\">Comiss\u00e3o Nacional de Elei\u00e7\u00f5es<\/a><\/li><\/ul><\/li><li>Country experts: <a href=\"mailto: atavares@eeg.uminho.pt\" title=\"Ant\u00f3nio F. Tavares\">Ant\u00f3nio F. Tavares<\/a>, <a href=\"mailto: pedroc@eeg.uminho.pt\" title=\"Pedro J. Cam\u00f5es\">Pedro J. Cam\u00f5es<\/a><\/li><\/ul>\n","protected":false},"excerpt":{"rendered":"<p>Tavares, A.F., &amp; Cam\u00f5es, P.J. (2022). Portugal: Elections and voting in a dual-tier, local government system. In A. Gend\u017awi\u0142\u0142, U. Kjaer, &amp; K. Steyvers (Eds.), The Routledge Handbook of Local Elections and Voting in Europe (pp. 246-257). London: Routledge. Region: Southern Europe Local elections: 12.12.1993 14.12.1997 16.12.2001 10.09.2005 10.11.2009 29.09.2013 10.01.2017 Electoral code Electoral data: [&hellip;]<\/p>\n","protected":false},"author":1,"featured_media":0,"parent":31,"menu_order":0,"comment_status":"closed","ping_status":"closed","template":"","meta":{"_monsterinsights_skip_tracking":false,"_monsterinsights_sitenote_active":false,"_monsterinsights_sitenote_note":"","_monsterinsights_sitenote_category":0,"spay_email":"","footnotes":""},"class_list":["post-174","page","type-page","status-publish","hentry"],"_links":{"self":[{"href":"https:\/\/localelections.eu\/index.php?rest_route=\/wp\/v2\/pages\/174","targetHints":{"allow":["GET"]}}],"collection":[{"href":"https:\/\/localelections.eu\/index.php?rest_route=\/wp\/v2\/pages"}],"about":[{"href":"https:\/\/localelections.eu\/index.php?rest_route=\/wp\/v2\/types\/page"}],"author":[{"embeddable":true,"href":"https:\/\/localelections.eu\/index.php?rest_route=\/wp\/v2\/users\/1"}],"replies":[{"embeddable":true,"href":"https:\/\/localelections.eu\/index.php?rest_route=%2Fwp%2Fv2%2Fcomments&post=174"}],"version-history":[{"count":4,"href":"https:\/\/localelections.eu\/index.php?rest_route=\/wp\/v2\/pages\/174\/revisions"}],"predecessor-version":[{"id":285,"href":"https:\/\/localelections.eu\/index.php?rest_route=\/wp\/v2\/pages\/174\/revisions\/285"}],"up":[{"embeddable":true,"href":"https:\/\/localelections.eu\/index.php?rest_route=\/wp\/v2\/pages\/31"}],"wp:attachment":[{"href":"https:\/\/localelections.eu\/index.php?rest_route=%2Fwp%2Fv2%2Fmedia&parent=174"}],"curies":[{"name":"wp","href":"https:\/\/api.w.org\/{rel}","templated":true}]}}