{"id":166,"date":"2022-01-06T15:04:48","date_gmt":"2022-01-06T15:04:48","guid":{"rendered":"https:\/\/localelections.eu\/?page_id=166"},"modified":"2022-01-31T11:55:33","modified_gmt":"2022-01-31T11:55:33","slug":"the-netherlands","status":"publish","type":"page","link":"https:\/\/localelections.eu\/?page_id=166","title":{"rendered":"the Netherlands"},"content":{"rendered":"\n<p class=\"has-accent-color has-text-color\">van der Kolk, H. (2022). The Netherlands: Increasing responsibilities and nationalized elections. In A. Gend\u017awi\u0142\u0142, U. Kjaer, &amp; K. Steyvers (Eds.), The Routledge Handbook of Local Elections and Voting in Europe (pp. 161-173). London: Routledge.<\/p>\n\n\n\n<ul class=\"wp-block-list\"><li>Region: The Rhinelandic States<\/li><li>Local elections:<ul><li>21.03.1990<\/li><li>03.03.1994<\/li><li>04.03.1998<\/li><li>06.03.2002<\/li><li>07.03.2006<\/li><li>03.03.2010<\/li><li>19.03.2014<\/li><li>21.03.2018<\/li><\/ul><\/li><li><a href=\"https:\/\/wetten.overheid.nl\/BWBR0004627\/\" title=\"Electoral code\">Electoral code<\/a><\/li><li>Electoral data:<ul><li><a href=\"https:\/\/www.verkiezingsuitslagen.nl\/\" title=\"Kiesraad\">Kiesraad<\/a><\/li><\/ul><\/li><li>Country expert: <a href=\"mailto: h.vanderkolk@utwente.nl\" title=\"Henk van der Kolk\">Henk van der Kolk<\/a><\/li><\/ul>\n","protected":false},"excerpt":{"rendered":"<p>van der Kolk, H. (2022). The Netherlands: Increasing responsibilities and nationalized elections. In A. Gend\u017awi\u0142\u0142, U. Kjaer, &amp; K. Steyvers (Eds.), The Routledge Handbook of Local Elections and Voting in Europe (pp. 161-173). London: Routledge. Region: The Rhinelandic States Local elections: 21.03.1990 03.03.1994 04.03.1998 06.03.2002 07.03.2006 03.03.2010 19.03.2014 21.03.2018 Electoral code Electoral data: Kiesraad Country [&hellip;]<\/p>\n","protected":false},"author":1,"featured_media":0,"parent":31,"menu_order":0,"comment_status":"closed","ping_status":"closed","template":"","meta":{"_monsterinsights_skip_tracking":false,"_monsterinsights_sitenote_active":false,"_monsterinsights_sitenote_note":"","_monsterinsights_sitenote_category":0,"spay_email":"","footnotes":""},"class_list":["post-166","page","type-page","status-publish","hentry"],"_links":{"self":[{"href":"https:\/\/localelections.eu\/index.php?rest_route=\/wp\/v2\/pages\/166","targetHints":{"allow":["GET"]}}],"collection":[{"href":"https:\/\/localelections.eu\/index.php?rest_route=\/wp\/v2\/pages"}],"about":[{"href":"https:\/\/localelections.eu\/index.php?rest_route=\/wp\/v2\/types\/page"}],"author":[{"embeddable":true,"href":"https:\/\/localelections.eu\/index.php?rest_route=\/wp\/v2\/users\/1"}],"replies":[{"embeddable":true,"href":"https:\/\/localelections.eu\/index.php?rest_route=%2Fwp%2Fv2%2Fcomments&post=166"}],"version-history":[{"count":3,"href":"https:\/\/localelections.eu\/index.php?rest_route=\/wp\/v2\/pages\/166\/revisions"}],"predecessor-version":[{"id":314,"href":"https:\/\/localelections.eu\/index.php?rest_route=\/wp\/v2\/pages\/166\/revisions\/314"}],"up":[{"embeddable":true,"href":"https:\/\/localelections.eu\/index.php?rest_route=\/wp\/v2\/pages\/31"}],"wp:attachment":[{"href":"https:\/\/localelections.eu\/index.php?rest_route=%2Fwp%2Fv2%2Fmedia&parent=166"}],"curies":[{"name":"wp","href":"https:\/\/api.w.org\/{rel}","templated":true}]}}