{"id":164,"date":"2022-01-06T15:04:14","date_gmt":"2022-01-06T15:04:14","guid":{"rendered":"https:\/\/localelections.eu\/?page_id=164"},"modified":"2022-01-28T11:13:56","modified_gmt":"2022-01-28T11:13:56","slug":"montenegro","status":"publish","type":"page","link":"https:\/\/localelections.eu\/?page_id=164","title":{"rendered":"Montenegro"},"content":{"rendered":"\n<p class=\"has-accent-color has-text-color\">Komar, O., &amp; \u017divkovi\u0107, S. (2022). Montenegro: Local elections in the shadow of national politics. In A. Gend\u017awi\u0142\u0142, U. Kjaer, &amp; K. Steyvers (Eds.), The Routledge Handbook of Local Elections and Voting in Europe (pp. 430-440). London: Routledge.<\/p>\n\n\n\n<ul class=\"wp-block-list\"><li>Region: Southeastern Europe<\/li><li>Local elections: non-simultaneous<\/li><li><a href=\"https:\/\/dik.co.me\/wp-content\/uploads\/2021\/04\/Zakon-o-izboru-odbornika-i-poslanika.pdf\" title=\"Electoral code\">Electoral code<\/a><\/li><li>Electoral data:<ul><li><a href=\"https:\/\/dik.co.me\/\" title=\"Central Election Commission\">Central Election Commission<\/a><\/li><\/ul><\/li><li>Country experts: <a href=\"mailto: oliverak@ac.me\" title=\"Olivera Komar\">Olivera Komar<\/a>, Slaven \u017divkovi\u0107<\/li><\/ul>\n","protected":false},"excerpt":{"rendered":"<p>Komar, O., &amp; \u017divkovi\u0107, S. (2022). Montenegro: Local elections in the shadow of national politics. In A. Gend\u017awi\u0142\u0142, U. Kjaer, &amp; K. Steyvers (Eds.), The Routledge Handbook of Local Elections and Voting in Europe (pp. 430-440). London: Routledge. Region: Southeastern Europe Local elections: non-simultaneous Electoral code Electoral data: Central Election Commission Country experts: Olivera Komar, [&hellip;]<\/p>\n","protected":false},"author":1,"featured_media":0,"parent":31,"menu_order":0,"comment_status":"closed","ping_status":"closed","template":"","meta":{"_monsterinsights_skip_tracking":false,"_monsterinsights_sitenote_active":false,"_monsterinsights_sitenote_note":"","_monsterinsights_sitenote_category":0,"spay_email":"","footnotes":""},"class_list":["post-164","page","type-page","status-publish","hentry"],"_links":{"self":[{"href":"https:\/\/localelections.eu\/index.php?rest_route=\/wp\/v2\/pages\/164","targetHints":{"allow":["GET"]}}],"collection":[{"href":"https:\/\/localelections.eu\/index.php?rest_route=\/wp\/v2\/pages"}],"about":[{"href":"https:\/\/localelections.eu\/index.php?rest_route=\/wp\/v2\/types\/page"}],"author":[{"embeddable":true,"href":"https:\/\/localelections.eu\/index.php?rest_route=\/wp\/v2\/users\/1"}],"replies":[{"embeddable":true,"href":"https:\/\/localelections.eu\/index.php?rest_route=%2Fwp%2Fv2%2Fcomments&post=164"}],"version-history":[{"count":3,"href":"https:\/\/localelections.eu\/index.php?rest_route=\/wp\/v2\/pages\/164\/revisions"}],"predecessor-version":[{"id":272,"href":"https:\/\/localelections.eu\/index.php?rest_route=\/wp\/v2\/pages\/164\/revisions\/272"}],"up":[{"embeddable":true,"href":"https:\/\/localelections.eu\/index.php?rest_route=\/wp\/v2\/pages\/31"}],"wp:attachment":[{"href":"https:\/\/localelections.eu\/index.php?rest_route=%2Fwp%2Fv2%2Fmedia&parent=164"}],"curies":[{"name":"wp","href":"https:\/\/api.w.org\/{rel}","templated":true}]}}