{"id":154,"date":"2022-01-06T14:14:38","date_gmt":"2022-01-06T14:14:38","guid":{"rendered":"https:\/\/localelections.eu\/?page_id=154"},"modified":"2022-01-31T11:21:41","modified_gmt":"2022-01-31T11:21:41","slug":"liechtenstein","status":"publish","type":"page","link":"https:\/\/localelections.eu\/?page_id=154","title":{"rendered":"Liechtenstein"},"content":{"rendered":"\n<p class=\"has-accent-color has-text-color\">Marxer, W. (2022). Liechtenstein: Two leading parties in a direct democratic framework. In A. Gend\u017awi\u0142\u0142, U. Kjaer, &amp; K. Steyvers (Eds.), The Routledge Handbook of Local Elections and Voting in Europe (pp. 140-150). London: Routledge.<\/p>\n\n\n\n<ul class=\"wp-block-list\"><li>Region: The Rhinelandic States<\/li><li>Local elections:<ul><li>[1991]<\/li><li>[1995]<\/li><li>[1999]<\/li><li>02.02.2003<\/li><li>28.01.2007<\/li><li>20.02.2011<\/li><li>15.03.2015<\/li><li>24.03.2019<\/li><\/ul><\/li><li>Electoral code<ul><li><a href=\"https:\/\/www.gesetze.li\/konso\/1973050000\" title=\"People's Rights Act\">People&#8217;s Rights Act<\/a><\/li><\/ul><ul><li><a href=\"https:\/\/www.gesetze.li\/konso\/1996076000\" title=\"Municipalities Act\">Municipalities Act<\/a><\/li><\/ul><\/li><li>Electoral data<ul><li><a href=\"https:\/\/www.gemeindewahlen.li\/resultate\/11\" title=\"The Government's webpage (2003-2019)\">The Government&#8217;s webpage (2003-2019)<\/a><\/li><li><a href=\"https:\/\/www.llv.li\/inhalt\/1859\/amtsstellen\/statistisches-jahrbuch\" title=\"Statistical Office (1975-2019)\">Statistical Office (1975-2019)<\/a><\/li><\/ul><\/li><li>Country expert: <a href=\"mailto:wilfried.marxer@liechtenstein-institut.li\" title=\"Wilfried Marxer\">Wilfried Marxer<\/a><\/li><\/ul>\n","protected":false},"excerpt":{"rendered":"<p>Marxer, W. (2022). Liechtenstein: Two leading parties in a direct democratic framework. In A. Gend\u017awi\u0142\u0142, U. Kjaer, &amp; K. Steyvers (Eds.), The Routledge Handbook of Local Elections and Voting in Europe (pp. 140-150). London: Routledge. Region: The Rhinelandic States Local elections: [1991] [1995] [1999] 02.02.2003 28.01.2007 20.02.2011 15.03.2015 24.03.2019 Electoral code People&#8217;s Rights Act Municipalities [&hellip;]<\/p>\n","protected":false},"author":1,"featured_media":0,"parent":31,"menu_order":0,"comment_status":"closed","ping_status":"closed","template":"","meta":{"_monsterinsights_skip_tracking":false,"_monsterinsights_sitenote_active":false,"_monsterinsights_sitenote_note":"","_monsterinsights_sitenote_category":0,"spay_email":"","footnotes":""},"class_list":["post-154","page","type-page","status-publish","hentry"],"_links":{"self":[{"href":"https:\/\/localelections.eu\/index.php?rest_route=\/wp\/v2\/pages\/154","targetHints":{"allow":["GET"]}}],"collection":[{"href":"https:\/\/localelections.eu\/index.php?rest_route=\/wp\/v2\/pages"}],"about":[{"href":"https:\/\/localelections.eu\/index.php?rest_route=\/wp\/v2\/types\/page"}],"author":[{"embeddable":true,"href":"https:\/\/localelections.eu\/index.php?rest_route=\/wp\/v2\/users\/1"}],"replies":[{"embeddable":true,"href":"https:\/\/localelections.eu\/index.php?rest_route=%2Fwp%2Fv2%2Fcomments&post=154"}],"version-history":[{"count":3,"href":"https:\/\/localelections.eu\/index.php?rest_route=\/wp\/v2\/pages\/154\/revisions"}],"predecessor-version":[{"id":310,"href":"https:\/\/localelections.eu\/index.php?rest_route=\/wp\/v2\/pages\/154\/revisions\/310"}],"up":[{"embeddable":true,"href":"https:\/\/localelections.eu\/index.php?rest_route=\/wp\/v2\/pages\/31"}],"wp:attachment":[{"href":"https:\/\/localelections.eu\/index.php?rest_route=%2Fwp%2Fv2%2Fmedia&parent=154"}],"curies":[{"name":"wp","href":"https:\/\/api.w.org\/{rel}","templated":true}]}}